{"id":20,"date":"2024-10-18T15:20:38","date_gmt":"2024-10-18T15:20:38","guid":{"rendered":"https:\/\/kiinteistoniskanen.fi\/?page_id=20"},"modified":"2025-04-28T17:31:25","modified_gmt":"2025-04-28T17:31:25","slug":"etusivu","status":"publish","type":"page","link":"https:\/\/kiinteistoniskanen.fi\/","title":{"rendered":"Etusivu"},"content":{"rendered":"\n<div class=\"wp-block-cover alignfull\"><img decoding=\"async\" class=\"wp-block-cover__image-background\" alt=\"Building exterior in Toronto, Canada\" src=\"https:\/\/kiinteistoniskanen.fi\/wp-content\/themes\/twentytwentyfour\/assets\/images\/building-exterior.webp\" data-object-fit=\"cover\"\/><span aria-hidden=\"true\" class=\"wp-block-cover__background has-background-dim\"><\/span><div class=\"wp-block-cover__inner-container is-layout-flow wp-block-cover-is-layout-flow\">\n<h2 class=\"wp-block-heading has-text-align-center has-white-color has-text-color has-link-color has-large-font-size wp-elements-43b15701a80a1f58c88609e5b0831f76\">Kiinteist\u00f6huolto Niskanen Oy<\/h2>\n\n\n\n<p class=\"has-text-align-center has-medium-font-size\">Monipuoliset kiinteist\u00f6palvelut ammattitaidolla Haapavedell\u00e4 niin yksityisille, taloyhti\u00f6ille kuin yrityksillekin! Meilt\u00e4 saat mm. seuraavat palvelut:<br>&#8211; Remontointi<br>&#8211; Talonmiespalvelut<br>&#8211; Ulkoalueiden kunnossapito<\/p>\n<\/div><\/div>\n\n\n\n<div class=\"wp-block-group alignfull\" style=\"padding-top:var(--wp--preset--spacing--50);padding-right:var(--wp--preset--spacing--50);padding-bottom:var(--wp--preset--spacing--50);padding-left:var(--wp--preset--spacing--50)\"><div class=\"wp-block-group__inner-container is-layout-constrained wp-container-core-group-is-layout-f4d13f5d wp-block-group-is-layout-constrained\">\n<div class=\"wp-block-group\"><div class=\"wp-block-group__inner-container is-layout-constrained wp-container-core-group-is-layout-04692c70 wp-block-group-is-layout-constrained\">\n<h1 class=\"wp-block-heading has-text-align-center has-x-large-font-size\">Kaikki kiinteist\u00f6huoltopalvelut samalla yhteydenotolla!<\/h1>\n\n\n\n<div style=\"height:1.25rem\" aria-hidden=\"true\" class=\"wp-block-spacer\"><\/div>\n\n\n\n<p class=\"has-text-align-center\">Kiinteist\u00f6huolto Niskanen Oy on Haapavedell\u00e4 toimiva monipuolinen kiinteist\u00f6huollon ammattilainen. Yritys on perustettu vuonna 2024, mutta kokemusta kiinteist\u00f6huollon teht\u00e4vist\u00e4 on jo usean vuoden ajalta. Tarvitsetpa sitten mit\u00e4 tahansa kiinteist\u00f6huoltoon liittyv\u00e4\u00e4, ota ihmeess\u00e4 yhteytt\u00e4, niin suunnitellaan teid\u00e4n tarpeisiin sopiva paketti tai vaikkapa yksitt\u00e4inen remontti!<br><br>T\u00e4ll\u00e4 hetkell\u00e4 toimimme mm. <a href=\"https:\/\/www.fennokodit.fi\/\" target=\"_blank\" rel=\"noreferrer noopener\">Fennokodin<\/a> asuntojen remontoijana ja huoltoyhti\u00f6n\u00e4.<\/p>\n\n\n\n<div style=\"height:1.25rem\" aria-hidden=\"true\" class=\"wp-block-spacer\"><\/div>\n\n\n\n<div class=\"wp-block-buttons is-content-justification-center is-layout-flex wp-container-core-buttons-is-layout-16018d1d wp-block-buttons-is-layout-flex\"><\/div>\n<\/div><\/div>\n\n\n\n<div style=\"height:var(--wp--preset--spacing--30)\" aria-hidden=\"true\" class=\"wp-block-spacer\"><\/div>\n<\/div><\/div>\n\n\n\n<div class=\"wp-block-group alignfull has-background\" style=\"background-color:#81d742;margin-top:0;margin-bottom:0;padding-top:var(--wp--preset--spacing--50);padding-right:var(--wp--preset--spacing--50);padding-bottom:var(--wp--preset--spacing--50);padding-left:var(--wp--preset--spacing--50)\"><div class=\"wp-block-group__inner-container is-layout-constrained wp-container-core-group-is-layout-2bafd31c wp-block-group-is-layout-constrained\">\n<div class=\"wp-block-group is-vertical is-content-justification-center is-layout-flex wp-container-core-group-is-layout-7681721f wp-block-group-is-layout-flex\">\n<h2 class=\"wp-block-heading has-text-align-center is-style-asterisk\">Palvelut<\/h2>\n<\/div>\n\n\n\n<div style=\"margin-top:0;margin-bottom:0;height:var(--wp--preset--spacing--40)\" aria-hidden=\"true\" class=\"wp-block-spacer\"><\/div>\n\n\n\n<div class=\"wp-block-columns alignwide is-layout-flex wp-container-core-columns-is-layout-2aabe216 wp-block-columns-is-layout-flex\">\n<div class=\"wp-block-column is-layout-flow wp-block-column-is-layout-flow\"><div class=\"wp-block-image\">\n<figure class=\"aligncenter size-medium\"><img loading=\"lazy\" decoding=\"async\" width=\"300\" height=\"300\" src=\"https:\/\/kiinteistoniskanen.fi\/wp-content\/uploads\/2025\/04\/1000029753-1-300x300.jpg\" alt=\"\" class=\"wp-image-76\" style=\"aspect-ratio:1;object-fit:cover\" srcset=\"https:\/\/kiinteistoniskanen.fi\/wp-content\/uploads\/2025\/04\/1000029753-1-300x300.jpg 300w, https:\/\/kiinteistoniskanen.fi\/wp-content\/uploads\/2025\/04\/1000029753-1-150x150.jpg 150w, https:\/\/kiinteistoniskanen.fi\/wp-content\/uploads\/2025\/04\/1000029753-1-768x768.jpg 768w, https:\/\/kiinteistoniskanen.fi\/wp-content\/uploads\/2025\/04\/1000029753-1.jpg 800w\" sizes=\"auto, (max-width: 300px) 100vw, 300px\" \/><\/figure>\n<\/div>\n\n\n<h3 class=\"wp-block-heading has-text-align-center is-style-asterisk has-body-font-family has-medium-font-size\" style=\"font-style:normal;font-weight:600\">Remontointi<\/h3>\n\n\n\n<p class=\"has-text-align-left\">Remontoimme pienet ja suuret kohteet vakaalla ammattitaidolla. <\/p>\n<\/div>\n\n\n\n<div class=\"wp-block-column is-layout-flow wp-block-column-is-layout-flow\"><div class=\"wp-block-image\">\n<figure class=\"aligncenter size-medium\"><img loading=\"lazy\" decoding=\"async\" width=\"300\" height=\"300\" src=\"https:\/\/kiinteistoniskanen.fi\/wp-content\/uploads\/2025\/04\/1000033227-1-300x300.jpg\" alt=\"\" class=\"wp-image-81\" srcset=\"https:\/\/kiinteistoniskanen.fi\/wp-content\/uploads\/2025\/04\/1000033227-1-300x300.jpg 300w, https:\/\/kiinteistoniskanen.fi\/wp-content\/uploads\/2025\/04\/1000033227-1-150x150.jpg 150w, https:\/\/kiinteistoniskanen.fi\/wp-content\/uploads\/2025\/04\/1000033227-1-768x768.jpg 768w, https:\/\/kiinteistoniskanen.fi\/wp-content\/uploads\/2025\/04\/1000033227-1.jpg 800w\" sizes=\"auto, (max-width: 300px) 100vw, 300px\" \/><\/figure>\n<\/div>\n\n\n<h3 class=\"wp-block-heading has-text-align-center is-style-asterisk has-body-font-family has-medium-font-size\" style=\"font-style:normal;font-weight:600\">Talonmiespalvelut<\/h3>\n\n\n\n<p class=\"has-text-align-left\">Kauttamme on saatavissa kattavat talonmiespalvelut.<\/p>\n<\/div>\n\n\n\n<div class=\"wp-block-column is-layout-flow wp-block-column-is-layout-flow\"><div class=\"wp-block-image\">\n<figure class=\"aligncenter size-medium\"><img loading=\"lazy\" decoding=\"async\" width=\"300\" height=\"300\" src=\"https:\/\/kiinteistoniskanen.fi\/wp-content\/uploads\/2025\/04\/lawn-care-643557_1920-1-300x300.jpg\" alt=\"\" class=\"wp-image-78\" srcset=\"https:\/\/kiinteistoniskanen.fi\/wp-content\/uploads\/2025\/04\/lawn-care-643557_1920-1-300x300.jpg 300w, https:\/\/kiinteistoniskanen.fi\/wp-content\/uploads\/2025\/04\/lawn-care-643557_1920-1-150x150.jpg 150w, https:\/\/kiinteistoniskanen.fi\/wp-content\/uploads\/2025\/04\/lawn-care-643557_1920-1-768x768.jpg 768w, https:\/\/kiinteistoniskanen.fi\/wp-content\/uploads\/2025\/04\/lawn-care-643557_1920-1.jpg 800w\" sizes=\"auto, (max-width: 300px) 100vw, 300px\" \/><\/figure>\n<\/div>\n\n\n<h3 class=\"wp-block-heading has-text-align-center is-style-asterisk has-body-font-family has-medium-font-size\" style=\"font-style:normal;font-weight:600\">Ulkoalueiden kunnossapito<\/h3>\n\n\n\n<p class=\"has-text-align-left\">Yksityisille, taloyhti\u00f6ille ja yrityksille tarjolla ruohonleikkuuta, pensaidenleikkuuta, lumien aurausta\/putsausta, hiekoitusta&#8230;<\/p>\n<\/div>\n<\/div>\n\n\n\n<div style=\"height:var(--wp--preset--spacing--20)\" aria-hidden=\"true\" class=\"wp-block-spacer\"><\/div>\n<\/div><\/div>\n","protected":false},"excerpt":{"rendered":"<p>Kaikki kiinteist\u00f6huoltopalvelut samalla yhteydenotolla! Kiinteist\u00f6huolto Niskanen Oy on Haapavedell\u00e4 toimiva monipuolinen kiinteist\u00f6huollon ammattilainen. Yritys on perustettu vuonna 2024, mutta kokemusta kiinteist\u00f6huollon teht\u00e4vist\u00e4 on jo usean&hellip;<\/p>\n","protected":false},"author":1,"featured_media":0,"parent":0,"menu_order":0,"comment_status":"closed","ping_status":"closed","template":"","meta":{"footnotes":""},"class_list":["post-20","page","type-page","status-publish","hentry"],"aioseo_notices":[],"_links":{"self":[{"href":"https:\/\/kiinteistoniskanen.fi\/index.php\/wp-json\/wp\/v2\/pages\/20","targetHints":{"allow":["GET"]}}],"collection":[{"href":"https:\/\/kiinteistoniskanen.fi\/index.php\/wp-json\/wp\/v2\/pages"}],"about":[{"href":"https:\/\/kiinteistoniskanen.fi\/index.php\/wp-json\/wp\/v2\/types\/page"}],"author":[{"embeddable":true,"href":"https:\/\/kiinteistoniskanen.fi\/index.php\/wp-json\/wp\/v2\/users\/1"}],"replies":[{"embeddable":true,"href":"https:\/\/kiinteistoniskanen.fi\/index.php\/wp-json\/wp\/v2\/comments?post=20"}],"version-history":[{"count":9,"href":"https:\/\/kiinteistoniskanen.fi\/index.php\/wp-json\/wp\/v2\/pages\/20\/revisions"}],"predecessor-version":[{"id":82,"href":"https:\/\/kiinteistoniskanen.fi\/index.php\/wp-json\/wp\/v2\/pages\/20\/revisions\/82"}],"wp:attachment":[{"href":"https:\/\/kiinteistoniskanen.fi\/index.php\/wp-json\/wp\/v2\/media?parent=20"}],"curies":[{"name":"wp","href":"https:\/\/api.w.org\/{rel}","templated":true}]}}